{"id":432,"date":"2022-11-06T09:11:26","date_gmt":"2022-11-06T09:11:26","guid":{"rendered":"https:\/\/lesgrandsfr\u00eanes.fr\/?page_id=432"},"modified":"2022-11-28T08:35:02","modified_gmt":"2022-11-28T08:35:02","slug":"les-services","status":"publish","type":"page","link":"https:\/\/lesgrandsfr\u00eanes.fr\/?page_id=432","title":{"rendered":"Les Services"},"content":{"rendered":"\t\t<div data-elementor-type=\"wp-page\" data-elementor-id=\"432\" class=\"elementor elementor-432\">\n\t\t\t\t\t\t<section class=\"elementor-section elementor-top-section elementor-element elementor-element-957b891 elementor-section-full_width elementor-section-stretched elementor-section-height-default elementor-section-height-default\" data-id=\"957b891\" data-element_type=\"section\" data-e-type=\"section\" data-settings=\"{&quot;stretch_section&quot;:&quot;section-stretched&quot;}\">\n\t\t\t\t\t\t<div class=\"elementor-container elementor-column-gap-default\">\n\t\t\t\t\t<div class=\"elementor-column elementor-col-100 elementor-top-column elementor-element elementor-element-471ad66\" data-id=\"471ad66\" data-element_type=\"column\" data-e-type=\"column\">\n\t\t\t<div class=\"elementor-widget-wrap elementor-element-populated\">\n\t\t\t\t\t\t<div class=\"elementor-element elementor-element-162cfc2 elementor-widget elementor-widget-heading\" data-id=\"162cfc2\" data-element_type=\"widget\" data-e-type=\"widget\" data-widget_type=\"heading.default\">\n\t\t\t\t<div class=\"elementor-widget-container\">\n\t\t\t\t\t<h2 class=\"elementor-heading-title elementor-size-default\">Les services inclus<\/h2>\t\t\t\t<\/div>\n\t\t\t\t<\/div>\n\t\t\t\t\t<\/div>\n\t\t<\/div>\n\t\t\t\t\t<\/div>\n\t\t<\/section>\n\t\t\t\t<section class=\"elementor-section elementor-top-section elementor-element elementor-element-d4e11bc elementor-section-boxed elementor-section-height-default elementor-section-height-default\" data-id=\"d4e11bc\" data-element_type=\"section\" data-e-type=\"section\">\n\t\t\t\t\t\t<div class=\"elementor-container elementor-column-gap-default\">\n\t\t\t\t\t<div class=\"elementor-column elementor-col-100 elementor-top-column elementor-element elementor-element-ee1bfc1\" data-id=\"ee1bfc1\" data-element_type=\"column\" data-e-type=\"column\">\n\t\t\t<div class=\"elementor-widget-wrap elementor-element-populated\">\n\t\t\t\t\t\t<section class=\"elementor-section elementor-inner-section elementor-element elementor-element-5ad470d elementor-section-boxed elementor-section-height-default elementor-section-height-default\" data-id=\"5ad470d\" data-element_type=\"section\" data-e-type=\"section\">\n\t\t\t\t\t\t<div class=\"elementor-container elementor-column-gap-default\">\n\t\t\t\t\t<div class=\"elementor-column elementor-col-50 elementor-inner-column elementor-element elementor-element-fcc533f\" data-id=\"fcc533f\" data-element_type=\"column\" data-e-type=\"column\">\n\t\t\t<div class=\"elementor-widget-wrap elementor-element-populated\">\n\t\t\t\t\t\t<div class=\"elementor-element elementor-element-ba74332 elementor-widget elementor-widget-text-editor\" data-id=\"ba74332\" data-element_type=\"widget\" data-e-type=\"widget\" data-widget_type=\"text-editor.default\">\n\t\t\t\t<div class=\"elementor-widget-container\">\n\t\t\t\t\t\t\t\t\t<p><span id=\"p39\">Le g\u00eete propose plusieurs services mis \u00e0 disposition des visiteurs, comme un <span style=\"text-decoration: underline;\"><strong>spa<\/strong><\/span> accessible\u00a0<span id=\"42\">24\/24h<\/span>\u00a0\u00e0 l&rsquo;abri des regards sur notre grande terrasse priv\u00e9e est \u00e9quip\u00e9e pour les beaux jours.<\/span><span id=\"p40\">\u00a0<\/span><br \/><br \/><span id=\"p41\">Le m\u00e9nage de fin de s\u00e9jour est inclus dans le prix ainsi que le wifi, le linge de maison, et l&rsquo;acc\u00e8s \u00e0 un grand parking gratuit \u00e0 l&rsquo;avant du g\u00eete.<\/span><span id=\"p38\">\u00a0<\/span><\/p>\t\t\t\t\t\t\t\t<\/div>\n\t\t\t\t<\/div>\n\t\t\t\t\t<\/div>\n\t\t<\/div>\n\t\t\t\t<div class=\"elementor-column elementor-col-50 elementor-inner-column elementor-element elementor-element-0699a60\" data-id=\"0699a60\" data-element_type=\"column\" data-e-type=\"column\">\n\t\t\t<div class=\"elementor-widget-wrap elementor-element-populated\">\n\t\t\t\t\t\t<div class=\"elementor-element elementor-element-ae01666 elementor-arrows-position-inside elementor-pagination-position-outside elementor-widget elementor-widget-image-carousel\" data-id=\"ae01666\" data-element_type=\"widget\" data-e-type=\"widget\" data-settings=\"{&quot;slides_to_show&quot;:&quot;1&quot;,&quot;navigation&quot;:&quot;both&quot;,&quot;autoplay&quot;:&quot;yes&quot;,&quot;pause_on_hover&quot;:&quot;yes&quot;,&quot;pause_on_interaction&quot;:&quot;yes&quot;,&quot;autoplay_speed&quot;:5000,&quot;infinite&quot;:&quot;yes&quot;,&quot;effect&quot;:&quot;slide&quot;,&quot;speed&quot;:500}\" data-widget_type=\"image-carousel.default\">\n\t\t\t\t<div class=\"elementor-widget-container\">\n\t\t\t\t\t\t\t<div class=\"elementor-image-carousel-wrapper swiper\" role=\"region\" aria-roledescription=\"carousel\" aria-label=\"Carrousel d\u2019images\" dir=\"ltr\">\n\t\t\t<div class=\"elementor-image-carousel swiper-wrapper\" aria-live=\"off\">\n\t\t\t\t\t\t\t\t<div class=\"swiper-slide\" role=\"group\" aria-roledescription=\"slide\" aria-label=\"1 sur 2\"><figure class=\"swiper-slide-inner\"><img decoding=\"async\" class=\"swiper-slide-image\" src=\"https:\/\/lesgrandsfr\u00eanes.fr\/wp-content\/uploads\/2022\/11\/photo-spa-768x459.jpg\" alt=\"photo spa\" \/><\/figure><\/div><div class=\"swiper-slide\" role=\"group\" aria-roledescription=\"slide\" aria-label=\"2 sur 2\"><figure class=\"swiper-slide-inner\"><img decoding=\"async\" class=\"swiper-slide-image\" src=\"https:\/\/lesgrandsfr\u00eanes.fr\/wp-content\/uploads\/2022\/11\/photo-ext2-768x340.png\" alt=\"Photo ext\u00e9rieure G\u00eete des Grands Fr\u00eanes\" \/><\/figure><\/div>\t\t\t<\/div>\n\t\t\t\t\t\t\t\t\t\t\t\t<div class=\"elementor-swiper-button elementor-swiper-button-prev\" role=\"button\" tabindex=\"0\">\n\t\t\t\t\t\t<i aria-hidden=\"true\" class=\"eicon-chevron-left\"><\/i>\t\t\t\t\t<\/div>\n\t\t\t\t\t<div class=\"elementor-swiper-button elementor-swiper-button-next\" role=\"button\" tabindex=\"0\">\n\t\t\t\t\t\t<i aria-hidden=\"true\" class=\"eicon-chevron-right\"><\/i>\t\t\t\t\t<\/div>\n\t\t\t\t\n\t\t\t\t\t\t\t\t\t<div class=\"swiper-pagination\"><\/div>\n\t\t\t\t\t\t\t\t\t<\/div>\n\t\t\t\t\t\t<\/div>\n\t\t\t\t<\/div>\n\t\t\t\t\t<\/div>\n\t\t<\/div>\n\t\t\t\t\t<\/div>\n\t\t<\/section>\n\t\t\t\t\t<\/div>\n\t\t<\/div>\n\t\t\t\t\t<\/div>\n\t\t<\/section>\n\t\t\t\t<section class=\"elementor-section elementor-top-section elementor-element elementor-element-27a9b8f elementor-section-boxed elementor-section-height-default elementor-section-height-default\" data-id=\"27a9b8f\" data-element_type=\"section\" data-e-type=\"section\">\n\t\t\t\t\t\t<div class=\"elementor-container elementor-column-gap-default\">\n\t\t\t\t\t<div class=\"elementor-column elementor-col-100 elementor-top-column elementor-element elementor-element-e708377\" data-id=\"e708377\" data-element_type=\"column\" data-e-type=\"column\">\n\t\t\t<div class=\"elementor-widget-wrap elementor-element-populated\">\n\t\t\t\t\t\t<div class=\"elementor-element elementor-element-ce52193 elementor-widget elementor-widget-text-editor\" data-id=\"ce52193\" data-element_type=\"widget\" data-e-type=\"widget\" data-widget_type=\"text-editor.default\">\n\t\t\t\t<div class=\"elementor-widget-container\">\n\t\t\t\t\t\t\t\t\t<p>\u00a0<\/p><p>\u00a0<\/p><p>\u00a0<\/p><p>\u00a0<\/p><p>\u00a0<\/p><p>\u00a0<\/p>\t\t\t\t\t\t\t\t<\/div>\n\t\t\t\t<\/div>\n\t\t\t\t\t<\/div>\n\t\t<\/div>\n\t\t\t\t\t<\/div>\n\t\t<\/section>\n\t\t\t\t<\/div>\n\t\t","protected":false},"excerpt":{"rendered":"<p>Les services inclus Le g\u00eete propose plusieurs services mis \u00e0 disposition des visiteurs, comme un spa accessible\u00a024\/24h\u00a0\u00e0 l&rsquo;abri des regards sur notre grande terrasse priv\u00e9e est \u00e9quip\u00e9e pour les beaux jours.\u00a0 Le m\u00e9nage de fin de s\u00e9jour est inclus dans le prix ainsi que le wifi, le linge de maison, et l&rsquo;acc\u00e8s \u00e0 un grand [&hellip;]<\/p>\n","protected":false},"author":1,"featured_media":0,"parent":0,"menu_order":0,"comment_status":"closed","ping_status":"closed","template":"","meta":{"om_disable_all_campaigns":false,"_monsterinsights_skip_tracking":false,"_monsterinsights_sitenote_active":false,"_monsterinsights_sitenote_note":"","_monsterinsights_sitenote_category":0,"ocean_post_layout":"","ocean_both_sidebars_style":"","ocean_both_sidebars_content_width":0,"ocean_both_sidebars_sidebars_width":0,"ocean_sidebar":"0","ocean_second_sidebar":"0","ocean_disable_margins":"enable","ocean_add_body_class":"","ocean_shortcode_before_top_bar":"","ocean_shortcode_after_top_bar":"","ocean_shortcode_before_header":"","ocean_shortcode_after_header":"","ocean_has_shortcode":"","ocean_shortcode_after_title":"","ocean_shortcode_before_footer_widgets":"","ocean_shortcode_after_footer_widgets":"","ocean_shortcode_before_footer_bottom":"","ocean_shortcode_after_footer_bottom":"","ocean_display_top_bar":"default","ocean_display_header":"default","ocean_header_style":"","ocean_center_header_left_menu":"0","ocean_custom_header_template":"0","ocean_custom_logo":0,"ocean_custom_retina_logo":0,"ocean_custom_logo_max_width":0,"ocean_custom_logo_tablet_max_width":0,"ocean_custom_logo_mobile_max_width":0,"ocean_custom_logo_max_height":0,"ocean_custom_logo_tablet_max_height":0,"ocean_custom_logo_mobile_max_height":0,"ocean_header_custom_menu":"0","ocean_menu_typo_font_family":"0","ocean_menu_typo_font_subset":"","ocean_menu_typo_font_size":0,"ocean_menu_typo_font_size_tablet":0,"ocean_menu_typo_font_size_mobile":0,"ocean_menu_typo_font_size_unit":"px","ocean_menu_typo_font_weight":"","ocean_menu_typo_font_weight_tablet":"","ocean_menu_typo_font_weight_mobile":"","ocean_menu_typo_transform":"","ocean_menu_typo_transform_tablet":"","ocean_menu_typo_transform_mobile":"","ocean_menu_typo_line_height":0,"ocean_menu_typo_line_height_tablet":0,"ocean_menu_typo_line_height_mobile":0,"ocean_menu_typo_line_height_unit":"","ocean_menu_typo_spacing":0,"ocean_menu_typo_spacing_tablet":0,"ocean_menu_typo_spacing_mobile":0,"ocean_menu_typo_spacing_unit":"","ocean_menu_link_color":"","ocean_menu_link_color_hover":"","ocean_menu_link_color_active":"","ocean_menu_link_background":"","ocean_menu_link_hover_background":"","ocean_menu_link_active_background":"","ocean_menu_social_links_bg":"","ocean_menu_social_hover_links_bg":"","ocean_menu_social_links_color":"","ocean_menu_social_hover_links_color":"","ocean_disable_title":"default","ocean_disable_heading":"default","ocean_post_title":"","ocean_post_subheading":"","ocean_post_title_style":"","ocean_post_title_background_color":"","ocean_post_title_background":0,"ocean_post_title_bg_image_position":"","ocean_post_title_bg_image_attachment":"","ocean_post_title_bg_image_repeat":"","ocean_post_title_bg_image_size":"","ocean_post_title_height":0,"ocean_post_title_bg_overlay":0.5,"ocean_post_title_bg_overlay_color":"","ocean_disable_breadcrumbs":"default","ocean_breadcrumbs_color":"","ocean_breadcrumbs_separator_color":"","ocean_breadcrumbs_links_color":"","ocean_breadcrumbs_links_hover_color":"","ocean_display_footer_widgets":"default","ocean_display_footer_bottom":"default","ocean_custom_footer_template":"0","footnotes":""},"class_list":["post-432","page","type-page","status-publish","hentry","entry"],"aioseo_notices":[],"yoast_head":"<!-- This site is optimized with the Yoast SEO plugin v27.3 - https:\/\/yoast.com\/product\/yoast-seo-wordpress\/ -->\n<title>Les Services - lesgrandsfr\u00eanes.fr<\/title>\n<meta name=\"description\" content=\"Notre g\u00eetes propose la location d&#039;une salle de r\u00e9ception pouvant accueillir 30 convive le avec une cuisine professionnelle mise \u00e0 disposition.\" \/>\n<meta name=\"robots\" content=\"index, follow, max-snippet:-1, max-image-preview:large, max-video-preview:-1\" \/>\n<link rel=\"canonical\" href=\"https:\/\/lesgrandsfr\u00eanes.fr\/?page_id=432\" \/>\n<meta property=\"og:locale\" content=\"fr_FR\" \/>\n<meta property=\"og:type\" content=\"article\" \/>\n<meta property=\"og:title\" content=\"Les Services - lesgrandsfr\u00eanes.fr\" \/>\n<meta property=\"og:description\" content=\"Notre g\u00eetes propose la location d&#039;une salle de r\u00e9ception pouvant accueillir 30 convive le avec une cuisine professionnelle mise \u00e0 disposition.\" \/>\n<meta property=\"og:url\" content=\"https:\/\/lesgrandsfr\u00eanes.fr\/?page_id=432\" \/>\n<meta property=\"og:site_name\" content=\"lesgrandsfr\u00eanes.fr\" \/>\n<meta property=\"article:modified_time\" content=\"2022-11-28T08:35:02+00:00\" \/>\n<meta name=\"twitter:card\" content=\"summary_large_image\" \/>\n<meta name=\"twitter:label1\" content=\"Dur\u00e9e de lecture estim\u00e9e\" \/>\n\t<meta name=\"twitter:data1\" content=\"2 minutes\" \/>\n<script type=\"application\/ld+json\" class=\"yoast-schema-graph\">{\"@context\":\"https:\\\/\\\/schema.org\",\"@graph\":[{\"@type\":\"WebPage\",\"@id\":\"https:\\\/\\\/lesgrandsfr\u00eanes.fr\\\/?page_id=432\",\"url\":\"https:\\\/\\\/lesgrandsfr\u00eanes.fr\\\/?page_id=432\",\"name\":\"Les Services - lesgrandsfr\u00eanes.fr\",\"isPartOf\":{\"@id\":\"https:\\\/\\\/lesgrandsfr\u00eanes.fr\\\/#website\"},\"datePublished\":\"2022-11-06T09:11:26+00:00\",\"dateModified\":\"2022-11-28T08:35:02+00:00\",\"description\":\"Notre g\u00eetes propose la location d'une salle de r\u00e9ception pouvant accueillir 30 convive le avec une cuisine professionnelle mise \u00e0 disposition.\",\"breadcrumb\":{\"@id\":\"https:\\\/\\\/lesgrandsfr\u00eanes.fr\\\/?page_id=432#breadcrumb\"},\"inLanguage\":\"fr-FR\",\"potentialAction\":[{\"@type\":\"ReadAction\",\"target\":[\"https:\\\/\\\/lesgrandsfr\u00eanes.fr\\\/?page_id=432\"]}]},{\"@type\":\"BreadcrumbList\",\"@id\":\"https:\\\/\\\/lesgrandsfr\u00eanes.fr\\\/?page_id=432#breadcrumb\",\"itemListElement\":[{\"@type\":\"ListItem\",\"position\":1,\"name\":\"Accueil\",\"item\":\"https:\\\/\\\/lesgrandsfr\u00eanes.fr\\\/\"},{\"@type\":\"ListItem\",\"position\":2,\"name\":\"Les Services\"}]},{\"@type\":\"WebSite\",\"@id\":\"https:\\\/\\\/lesgrandsfr\u00eanes.fr\\\/#website\",\"url\":\"https:\\\/\\\/lesgrandsfr\u00eanes.fr\\\/\",\"name\":\"lesgrandsfr\u00eanes.fr\",\"description\":\"G\u00eete de groupe \",\"publisher\":{\"@id\":\"https:\\\/\\\/lesgrandsfr\u00eanes.fr\\\/#organization\"},\"potentialAction\":[{\"@type\":\"SearchAction\",\"target\":{\"@type\":\"EntryPoint\",\"urlTemplate\":\"https:\\\/\\\/lesgrandsfr\u00eanes.fr\\\/?s={search_term_string}\"},\"query-input\":{\"@type\":\"PropertyValueSpecification\",\"valueRequired\":true,\"valueName\":\"search_term_string\"}}],\"inLanguage\":\"fr-FR\"},{\"@type\":\"Organization\",\"@id\":\"https:\\\/\\\/lesgrandsfr\u00eanes.fr\\\/#organization\",\"name\":\"lesgrandsfr\u00eanes.fr\",\"url\":\"https:\\\/\\\/lesgrandsfr\u00eanes.fr\\\/\",\"logo\":{\"@type\":\"ImageObject\",\"inLanguage\":\"fr-FR\",\"@id\":\"https:\\\/\\\/lesgrandsfr\u00eanes.fr\\\/#\\\/schema\\\/logo\\\/image\\\/\",\"url\":\"https:\\\/\\\/lesgrandsfr\u00eanes.fr\\\/wp-content\\\/uploads\\\/2022\\\/11\\\/cropped-Logo-def.png\",\"contentUrl\":\"https:\\\/\\\/lesgrandsfr\u00eanes.fr\\\/wp-content\\\/uploads\\\/2022\\\/11\\\/cropped-Logo-def.png\",\"width\":455,\"height\":498,\"caption\":\"lesgrandsfr\u00eanes.fr\"},\"image\":{\"@id\":\"https:\\\/\\\/lesgrandsfr\u00eanes.fr\\\/#\\\/schema\\\/logo\\\/image\\\/\"}}]}<\/script>\n<!-- \/ Yoast SEO plugin. -->","yoast_head_json":{"title":"Les Services - lesgrandsfr\u00eanes.fr","description":"Notre g\u00eetes propose la location d'une salle de r\u00e9ception pouvant accueillir 30 convive le avec une cuisine professionnelle mise \u00e0 disposition.","robots":{"index":"index","follow":"follow","max-snippet":"max-snippet:-1","max-image-preview":"max-image-preview:large","max-video-preview":"max-video-preview:-1"},"canonical":"https:\/\/lesgrandsfr\u00eanes.fr\/?page_id=432","og_locale":"fr_FR","og_type":"article","og_title":"Les Services - lesgrandsfr\u00eanes.fr","og_description":"Notre g\u00eetes propose la location d'une salle de r\u00e9ception pouvant accueillir 30 convive le avec une cuisine professionnelle mise \u00e0 disposition.","og_url":"https:\/\/lesgrandsfr\u00eanes.fr\/?page_id=432","og_site_name":"lesgrandsfr\u00eanes.fr","article_modified_time":"2022-11-28T08:35:02+00:00","twitter_card":"summary_large_image","twitter_misc":{"Dur\u00e9e de lecture estim\u00e9e":"2 minutes"},"schema":{"@context":"https:\/\/schema.org","@graph":[{"@type":"WebPage","@id":"https:\/\/lesgrandsfr\u00eanes.fr\/?page_id=432","url":"https:\/\/lesgrandsfr\u00eanes.fr\/?page_id=432","name":"Les Services - lesgrandsfr\u00eanes.fr","isPartOf":{"@id":"https:\/\/lesgrandsfr\u00eanes.fr\/#website"},"datePublished":"2022-11-06T09:11:26+00:00","dateModified":"2022-11-28T08:35:02+00:00","description":"Notre g\u00eetes propose la location d'une salle de r\u00e9ception pouvant accueillir 30 convive le avec une cuisine professionnelle mise \u00e0 disposition.","breadcrumb":{"@id":"https:\/\/lesgrandsfr\u00eanes.fr\/?page_id=432#breadcrumb"},"inLanguage":"fr-FR","potentialAction":[{"@type":"ReadAction","target":["https:\/\/lesgrandsfr\u00eanes.fr\/?page_id=432"]}]},{"@type":"BreadcrumbList","@id":"https:\/\/lesgrandsfr\u00eanes.fr\/?page_id=432#breadcrumb","itemListElement":[{"@type":"ListItem","position":1,"name":"Accueil","item":"https:\/\/lesgrandsfr\u00eanes.fr\/"},{"@type":"ListItem","position":2,"name":"Les Services"}]},{"@type":"WebSite","@id":"https:\/\/lesgrandsfr\u00eanes.fr\/#website","url":"https:\/\/lesgrandsfr\u00eanes.fr\/","name":"lesgrandsfr\u00eanes.fr","description":"G\u00eete de groupe ","publisher":{"@id":"https:\/\/lesgrandsfr\u00eanes.fr\/#organization"},"potentialAction":[{"@type":"SearchAction","target":{"@type":"EntryPoint","urlTemplate":"https:\/\/lesgrandsfr\u00eanes.fr\/?s={search_term_string}"},"query-input":{"@type":"PropertyValueSpecification","valueRequired":true,"valueName":"search_term_string"}}],"inLanguage":"fr-FR"},{"@type":"Organization","@id":"https:\/\/lesgrandsfr\u00eanes.fr\/#organization","name":"lesgrandsfr\u00eanes.fr","url":"https:\/\/lesgrandsfr\u00eanes.fr\/","logo":{"@type":"ImageObject","inLanguage":"fr-FR","@id":"https:\/\/lesgrandsfr\u00eanes.fr\/#\/schema\/logo\/image\/","url":"https:\/\/lesgrandsfr\u00eanes.fr\/wp-content\/uploads\/2022\/11\/cropped-Logo-def.png","contentUrl":"https:\/\/lesgrandsfr\u00eanes.fr\/wp-content\/uploads\/2022\/11\/cropped-Logo-def.png","width":455,"height":498,"caption":"lesgrandsfr\u00eanes.fr"},"image":{"@id":"https:\/\/lesgrandsfr\u00eanes.fr\/#\/schema\/logo\/image\/"}}]}},"_links":{"self":[{"href":"https:\/\/lesgrandsfr\u00eanes.fr\/index.php?rest_route=\/wp\/v2\/pages\/432","targetHints":{"allow":["GET"]}}],"collection":[{"href":"https:\/\/lesgrandsfr\u00eanes.fr\/index.php?rest_route=\/wp\/v2\/pages"}],"about":[{"href":"https:\/\/lesgrandsfr\u00eanes.fr\/index.php?rest_route=\/wp\/v2\/types\/page"}],"author":[{"embeddable":true,"href":"https:\/\/lesgrandsfr\u00eanes.fr\/index.php?rest_route=\/wp\/v2\/users\/1"}],"replies":[{"embeddable":true,"href":"https:\/\/lesgrandsfr\u00eanes.fr\/index.php?rest_route=%2Fwp%2Fv2%2Fcomments&post=432"}],"version-history":[{"count":14,"href":"https:\/\/lesgrandsfr\u00eanes.fr\/index.php?rest_route=\/wp\/v2\/pages\/432\/revisions"}],"predecessor-version":[{"id":805,"href":"https:\/\/lesgrandsfr\u00eanes.fr\/index.php?rest_route=\/wp\/v2\/pages\/432\/revisions\/805"}],"wp:attachment":[{"href":"https:\/\/lesgrandsfr\u00eanes.fr\/index.php?rest_route=%2Fwp%2Fv2%2Fmedia&parent=432"}],"curies":[{"name":"wp","href":"https:\/\/api.w.org\/{rel}","templated":true}]}}